{"id":508,"date":"2013-06-21T19:18:08","date_gmt":"2013-06-21T17:18:08","guid":{"rendered":"http:\/\/www.lagitedulocal.com\/?page_id=508"},"modified":"2016-05-02T20:17:41","modified_gmt":"2016-05-02T18:17:41","slug":"livres","status":"publish","type":"page","link":"https:\/\/www.lagitedulocal.com\/?page_id=508","title":{"rendered":"Livres"},"content":{"rendered":"<div id=\"attachment_1373\" style=\"width: 160px\" class=\"wp-caption alignleft\"><a href=\"http:\/\/www.lagitedulocal.com\/wp-content\/uploads\/2013\/06\/COUV_Pat-Couv-OnLacheRien_6mm.jpg\"><img loading=\"lazy\" decoding=\"async\" aria-describedby=\"caption-attachment-1373\" class=\"size-thumbnail wp-image-1373\" alt=\"Couverture du nouveau : On l\u00e2che rien ! Sortie mai 2016\" src=\"http:\/\/www.lagitedulocal.com\/wp-content\/uploads\/2013\/06\/COUV_Pat-Couv-OnLacheRien_6mm-150x150.jpg\" width=\"150\" height=\"150\" \/><\/a><p id=\"caption-attachment-1373\" class=\"wp-caption-text\">Couverture du nouveau : On l\u00e2che rien ! Sortie mai 2016<\/p><\/div>\n<p>&nbsp;<\/p>\n<p><strong>Le nouveau<\/strong>, tout frais de quelques jours, pour accompagner les premiers rayons de soleil du printemps !<\/p>\n<p>On l\u00e2che rien, Saison 3, 9,80\u20ac, \u00a064 pages, mai 2016<\/p>\n<p>&nbsp;<\/p>\n<p>&nbsp;<\/p>\n<p>&nbsp;<\/p>\n<p>Deux Ab\u00e9c\u00e9daires de No\u00ebl aux \u00e9ditions CA_GE.<\/p>\n<div id=\"attachment_1376\" style=\"width: 160px\" class=\"wp-caption aligncenter\"><a href=\"http:\/\/www.lagitedulocal.com\/wp-content\/uploads\/2013\/06\/ABCDaire-de-No\u00ebl-2013_Courverture-copie.jpg\"><img loading=\"lazy\" decoding=\"async\" aria-describedby=\"caption-attachment-1376\" class=\"size-thumbnail wp-image-1376\" alt=\"ABCDaire de No\u00ebl 2013_Courverture - copie\" src=\"http:\/\/www.lagitedulocal.com\/wp-content\/uploads\/2013\/06\/ABCDaire-de-No\u00ebl-2013_Courverture-copie-150x150.jpg\" width=\"150\" height=\"150\" \/><\/a><p id=\"caption-attachment-1376\" class=\"wp-caption-text\">Sortie en d\u00e9cembre 2013<\/p><\/div>\n<div id=\"attachment_1374\" style=\"width: 594px\" class=\"wp-caption aligncenter\"><a href=\"http:\/\/www.lagitedulocal.com\/wp-content\/uploads\/2013\/06\/COUVERTURE-RECTO.jpg\"><img loading=\"lazy\" decoding=\"async\" aria-describedby=\"caption-attachment-1374\" class=\" wp-image-1374\" alt=\"COUVERTURE RECTO\" src=\"http:\/\/www.lagitedulocal.com\/wp-content\/uploads\/2013\/06\/COUVERTURE-RECTO-1024x376.jpg\" width=\"584\" height=\"214\" srcset=\"https:\/\/www.lagitedulocal.com\/wp-content\/uploads\/2013\/06\/COUVERTURE-RECTO-1024x376.jpg 1024w, https:\/\/www.lagitedulocal.com\/wp-content\/uploads\/2013\/06\/COUVERTURE-RECTO-300x110.jpg 300w, https:\/\/www.lagitedulocal.com\/wp-content\/uploads\/2013\/06\/COUVERTURE-RECTO-500x183.jpg 500w\" sizes=\"auto, (max-width: 584px) 100vw, 584px\" \/><\/a><p id=\"caption-attachment-1374\" class=\"wp-caption-text\">Sortie en d\u00e9cembre 2015<\/p><\/div>\n<p style=\"text-align: center;\">\n<p>&nbsp;<\/p>\n<p>_____________________________________________________________________________<\/p>\n<p><strong>En<\/strong> <strong>2013<\/strong><\/p>\n<div id=\"attachment_458\" style=\"width: 230px\" class=\"wp-caption alignleft\"><a href=\"http:\/\/www.lagitedulocal.com\/wp-content\/uploads\/2013\/04\/1988-photo1-snap.jpg\"><img loading=\"lazy\" decoding=\"async\" aria-describedby=\"caption-attachment-458\" class=\" wp-image-458\" alt=\"Le g\u00e9ranium\" src=\"http:\/\/www.lagitedulocal.com\/wp-content\/uploads\/2013\/04\/1988-photo1-snap.jpg\" width=\"220\" height=\"386\" \/><\/a><p id=\"caption-attachment-458\" class=\"wp-caption-text\">Sortie novembre 2011<\/p><\/div>\n<div id=\"attachment_509\" style=\"width: 236px\" class=\"wp-caption alignright\"><a href=\"http:\/\/www.lagitedulocal.com\/wp-content\/uploads\/2013\/06\/Pat-livre_Page-couverture.jpg\"><img loading=\"lazy\" decoding=\"async\" aria-describedby=\"caption-attachment-509\" class=\" wp-image-509\" alt=\"Pat livre_Page couverture\" src=\"http:\/\/www.lagitedulocal.com\/wp-content\/uploads\/2013\/06\/Pat-livre_Page-couverture-206x300.jpg\" width=\"226\" height=\"320\" \/><\/a><p id=\"caption-attachment-509\" class=\"wp-caption-text\">Sortie mai 2013<\/p><\/div>\n<p><a href=\"http:\/\/www.lagitedulocal.com\/wp-content\/uploads\/2013\/04\/Solitude-du-christkindel.jpg\">\u00a0<\/a>____________________________________________<\/p>\n<p>Deux ouvrages d&rsquo;humeur ou d&rsquo;humour, pour comprendre, apprendre, d\u00e9couvrir, rire&#8230;. Tout y est vrai !<\/p>\n<p><a href=\"http:\/\/www.lagitedulocal.com\/wp-content\/uploads\/2013\/06\/Promotion-mail_Geranium_Pat_octobre-2011.jpg\">Le G\u00e9ranium qui cachait la for\u00eat<\/a>, novembre 2011, 5\u20ac<\/p>\n<p><a href=\"http:\/\/www.lagitedulocal.com\/wp-content\/uploads\/2013\/06\/Pat-livre_4e-de-couverture.jpg\">On a les \u00e9lus qu&rsquo;on m\u00e9rite<\/a>, mai 2013, 9,80\u20ac<\/p>\n<p style=\"text-align: justify;\">Si vous \u00eates int\u00e9ress\u00e9s par de plus amples informations (vous pouvez d&rsquo;ores et d\u00e9j\u00e0 cliquer sur les liens) ou pour les commander, vous pouvez le faire en vous rendant sur la page contact de ce blog ou directement par mail : lagitedulocal@gmail.com<\/p>\n<p>Bient\u00f4t disponibles \u00e9galement dans une boutique sur la toile ! Et oui&#8230;.. Ainsi que d&rsquo;autres livres, cartes, marque-pages et posters&#8230;<\/p>\n<p>_________________________________________________________________<\/p>\n<p><strong>Ils sont arriv\u00e9s<\/strong> !!!!!\u00a0<strong>En mai 2014<\/strong> !<\/p>\n<div id=\"attachment_937\" style=\"width: 222px\" class=\"wp-caption alignleft\"><a href=\"http:\/\/www.lagitedulocal.com\/wp-content\/uploads\/2013\/06\/Promotion_Sortie1.jpg\"><img loading=\"lazy\" decoding=\"async\" aria-describedby=\"caption-attachment-937\" class=\"size-medium wp-image-937\" alt=\"Promotion_Sortie\" src=\"http:\/\/www.lagitedulocal.com\/wp-content\/uploads\/2013\/06\/Promotion_Sortie1-212x300.jpg\" width=\"212\" height=\"300\" srcset=\"https:\/\/www.lagitedulocal.com\/wp-content\/uploads\/2013\/06\/Promotion_Sortie1-212x300.jpg 212w, https:\/\/www.lagitedulocal.com\/wp-content\/uploads\/2013\/06\/Promotion_Sortie1-724x1024.jpg 724w, https:\/\/www.lagitedulocal.com\/wp-content\/uploads\/2013\/06\/Promotion_Sortie1.jpg 1241w\" sizes=\"auto, (max-width: 212px) 100vw, 212px\" \/><\/a><p id=\"caption-attachment-937\" class=\"wp-caption-text\">Sortie mai 2014<\/p><\/div>\n<div id=\"attachment_936\" style=\"width: 222px\" class=\"wp-caption alignleft\"><a href=\"http:\/\/www.lagitedulocal.com\/wp-content\/uploads\/2013\/06\/Promotion_Sortie.jpg\"><img loading=\"lazy\" decoding=\"async\" aria-describedby=\"caption-attachment-936\" class=\"size-medium wp-image-936\" alt=\"Promotion_Sortie\" src=\"http:\/\/www.lagitedulocal.com\/wp-content\/uploads\/2013\/06\/Promotion_Sortie-212x300.jpg\" width=\"212\" height=\"300\" srcset=\"https:\/\/www.lagitedulocal.com\/wp-content\/uploads\/2013\/06\/Promotion_Sortie-212x300.jpg 212w, https:\/\/www.lagitedulocal.com\/wp-content\/uploads\/2013\/06\/Promotion_Sortie-724x1024.jpg 724w, https:\/\/www.lagitedulocal.com\/wp-content\/uploads\/2013\/06\/Promotion_Sortie.jpg 1241w\" sizes=\"auto, (max-width: 212px) 100vw, 212px\" \/><\/a><p id=\"caption-attachment-936\" class=\"wp-caption-text\">Sortie mai 2014<\/p><\/div>\n<p>&nbsp;<\/p>\n<address>\u00a0<\/address>\n<p>&nbsp;<\/p>\n","protected":false},"excerpt":{"rendered":"<p>&nbsp; Le nouveau, tout frais de quelques jours, pour accompagner les premiers rayons de soleil du printemps ! On l\u00e2che rien, Saison 3, 9,80\u20ac, \u00a064 pages, mai 2016 &nbsp; &nbsp; &nbsp; Deux Ab\u00e9c\u00e9daires de No\u00ebl aux \u00e9ditions CA_GE. &nbsp; _____________________________________________________________________________ &hellip; <a href=\"https:\/\/www.lagitedulocal.com\/?page_id=508\">Continuer la lecture <span class=\"meta-nav\">&rarr;<\/span><\/a><\/p>\n","protected":false},"author":1,"featured_media":0,"parent":0,"menu_order":0,"comment_status":"closed","ping_status":"closed","template":"","meta":{"footnotes":""},"class_list":["post-508","page","type-page","status-publish","hentry"],"_links":{"self":[{"href":"https:\/\/www.lagitedulocal.com\/index.php?rest_route=\/wp\/v2\/pages\/508","targetHints":{"allow":["GET"]}}],"collection":[{"href":"https:\/\/www.lagitedulocal.com\/index.php?rest_route=\/wp\/v2\/pages"}],"about":[{"href":"https:\/\/www.lagitedulocal.com\/index.php?rest_route=\/wp\/v2\/types\/page"}],"author":[{"embeddable":true,"href":"https:\/\/www.lagitedulocal.com\/index.php?rest_route=\/wp\/v2\/users\/1"}],"replies":[{"embeddable":true,"href":"https:\/\/www.lagitedulocal.com\/index.php?rest_route=%2Fwp%2Fv2%2Fcomments&post=508"}],"version-history":[{"count":16,"href":"https:\/\/www.lagitedulocal.com\/index.php?rest_route=\/wp\/v2\/pages\/508\/revisions"}],"predecessor-version":[{"id":1379,"href":"https:\/\/www.lagitedulocal.com\/index.php?rest_route=\/wp\/v2\/pages\/508\/revisions\/1379"}],"wp:attachment":[{"href":"https:\/\/www.lagitedulocal.com\/index.php?rest_route=%2Fwp%2Fv2%2Fmedia&parent=508"}],"curies":[{"name":"wp","href":"https:\/\/api.w.org\/{rel}","templated":true}]}}

<div id="attachment_1373" style="width: 160px" class="wp-caption alignleft"><a href="http://www.lagitedulocal.com/wp-content/uploads/2013/06/COUV_Pat-Couv-OnLacheRien_6mm.jpg"><img loading="lazy" decoding="async" aria-describedby="caption-attachment-1373" class="size-thumbnail wp-image-1373" alt="Couverture du nouveau : On lâche rien ! Sortie mai 2016" src="http://www.lagitedulocal.com/wp-content/uploads/2013/06/COUV_Pat-Couv-OnLacheRien_6mm-150x150.jpg" width="150" height="150" /></a><p id="caption-attachment-1373" class="wp-caption-text">Couverture du nouveau : On lâche rien ! Sortie mai 2016</p></div>
<p>&nbsp;</p>
<p><strong>Le nouveau</strong>, tout frais de quelques jours, pour accompagner les premiers rayons de soleil du printemps !</p>
<p>On lâche rien, Saison 3, 9,80€,  64 pages, mai 2016</p>
<p>&nbsp;</p>
<p>&nbsp;</p>
<p>&nbsp;</p>
<p>Deux Abécédaires de Noël aux éditions CA_GE.</p>
<div id="attachment_1376" style="width: 160px" class="wp-caption aligncenter"><a href="http://www.lagitedulocal.com/wp-content/uploads/2013/06/ABCDaire-de-Noël-2013_Courverture-copie.jpg"><img loading="lazy" decoding="async" aria-describedby="caption-attachment-1376" class="size-thumbnail wp-image-1376" alt="ABCDaire de Noël 2013_Courverture - copie" src="http://www.lagitedulocal.com/wp-content/uploads/2013/06/ABCDaire-de-Noël-2013_Courverture-copie-150x150.jpg" width="150" height="150" /></a><p id="caption-attachment-1376" class="wp-caption-text">Sortie en décembre 2013</p></div>
<div id="attachment_1374" style="width: 594px" class="wp-caption aligncenter"><a href="http://www.lagitedulocal.com/wp-content/uploads/2013/06/COUVERTURE-RECTO.jpg"><img loading="lazy" decoding="async" aria-describedby="caption-attachment-1374" class=" wp-image-1374" alt="COUVERTURE RECTO" src="http://www.lagitedulocal.com/wp-content/uploads/2013/06/COUVERTURE-RECTO-1024x376.jpg" width="584" height="214" srcset="https://www.lagitedulocal.com/wp-content/uploads/2013/06/COUVERTURE-RECTO-1024x376.jpg 1024w, https://www.lagitedulocal.com/wp-content/uploads/2013/06/COUVERTURE-RECTO-300x110.jpg 300w, https://www.lagitedulocal.com/wp-content/uploads/2013/06/COUVERTURE-RECTO-500x183.jpg 500w" sizes="auto, (max-width: 584px) 100vw, 584px" /></a><p id="caption-attachment-1374" class="wp-caption-text">Sortie en décembre 2015</p></div>
<p style="text-align: center;">
<p>&nbsp;</p>
<p>_____________________________________________________________________________</p>
<p><strong>En</strong> <strong>2013</strong></p>
<div id="attachment_458" style="width: 230px" class="wp-caption alignleft"><a href="http://www.lagitedulocal.com/wp-content/uploads/2013/04/1988-photo1-snap.jpg"><img loading="lazy" decoding="async" aria-describedby="caption-attachment-458" class=" wp-image-458" alt="Le géranium" src="http://www.lagitedulocal.com/wp-content/uploads/2013/04/1988-photo1-snap.jpg" width="220" height="386" /></a><p id="caption-attachment-458" class="wp-caption-text">Sortie novembre 2011</p></div>
<div id="attachment_509" style="width: 236px" class="wp-caption alignright"><a href="http://www.lagitedulocal.com/wp-content/uploads/2013/06/Pat-livre_Page-couverture.jpg"><img loading="lazy" decoding="async" aria-describedby="caption-attachment-509" class=" wp-image-509" alt="Pat livre_Page couverture" src="http://www.lagitedulocal.com/wp-content/uploads/2013/06/Pat-livre_Page-couverture-206x300.jpg" width="226" height="320" /></a><p id="caption-attachment-509" class="wp-caption-text">Sortie mai 2013</p></div>
<p><a href="http://www.lagitedulocal.com/wp-content/uploads/2013/04/Solitude-du-christkindel.jpg"> </a>____________________________________________</p>
<p>Deux ouvrages d&rsquo;humeur ou d&rsquo;humour, pour comprendre, apprendre, découvrir, rire&#8230;. Tout y est vrai !</p>
<p><a href="http://www.lagitedulocal.com/wp-content/uploads/2013/06/Promotion-mail_Geranium_Pat_octobre-2011.jpg">Le Géranium qui cachait la forêt</a>, novembre 2011, 5€</p>
<p><a href="http://www.lagitedulocal.com/wp-content/uploads/2013/06/Pat-livre_4e-de-couverture.jpg">On a les élus qu&rsquo;on mérite</a>, mai 2013, 9,80€</p>
<p style="text-align: justify;">Si vous êtes intéressés par de plus amples informations (vous pouvez d&rsquo;ores et déjà cliquer sur les liens) ou pour les commander, vous pouvez le faire en vous rendant sur la page contact de ce blog ou directement par mail : lagitedulocal@gmail.com</p>
<p>Bientôt disponibles également dans une boutique sur la toile ! Et oui&#8230;.. Ainsi que d&rsquo;autres livres, cartes, marque-pages et posters&#8230;</p>
<p>_________________________________________________________________</p>
<p><strong>Ils sont arrivés</strong> !!!!! <strong>En mai 2014</strong> !</p>
<div id="attachment_937" style="width: 222px" class="wp-caption alignleft"><a href="http://www.lagitedulocal.com/wp-content/uploads/2013/06/Promotion_Sortie1.jpg"><img loading="lazy" decoding="async" aria-describedby="caption-attachment-937" class="size-medium wp-image-937" alt="Promotion_Sortie" src="http://www.lagitedulocal.com/wp-content/uploads/2013/06/Promotion_Sortie1-212x300.jpg" width="212" height="300" srcset="https://www.lagitedulocal.com/wp-content/uploads/2013/06/Promotion_Sortie1-212x300.jpg 212w, https://www.lagitedulocal.com/wp-content/uploads/2013/06/Promotion_Sortie1-724x1024.jpg 724w, https://www.lagitedulocal.com/wp-content/uploads/2013/06/Promotion_Sortie1.jpg 1241w" sizes="auto, (max-width: 212px) 100vw, 212px" /></a><p id="caption-attachment-937" class="wp-caption-text">Sortie mai 2014</p></div>
<div id="attachment_936" style="width: 222px" class="wp-caption alignleft"><a href="http://www.lagitedulocal.com/wp-content/uploads/2013/06/Promotion_Sortie.jpg"><img loading="lazy" decoding="async" aria-describedby="caption-attachment-936" class="size-medium wp-image-936" alt="Promotion_Sortie" src="http://www.lagitedulocal.com/wp-content/uploads/2013/06/Promotion_Sortie-212x300.jpg" width="212" height="300" srcset="https://www.lagitedulocal.com/wp-content/uploads/2013/06/Promotion_Sortie-212x300.jpg 212w, https://www.lagitedulocal.com/wp-content/uploads/2013/06/Promotion_Sortie-724x1024.jpg 724w, https://www.lagitedulocal.com/wp-content/uploads/2013/06/Promotion_Sortie.jpg 1241w" sizes="auto, (max-width: 212px) 100vw, 212px" /></a><p id="caption-attachment-936" class="wp-caption-text">Sortie mai 2014</p></div>
<p>&nbsp;</p>
<address> </address>
<p>&nbsp;</p>

<p>&nbsp; Le nouveau, tout frais de quelques jours, pour accompagner les premiers rayons de soleil du printemps ! On lâche rien, Saison 3, 9,80€,  64 pages, mai 2016 &nbsp; &nbsp; &nbsp; Deux Abécédaires de Noël aux éditions CA_GE. &nbsp; _____________________________________________________________________________ &hellip; <a href="https://www.lagitedulocal.com/?page_id=508">Continuer la lecture <span class="meta-nav">&rarr;</span></a></p>
